{"id":29,"date":"2015-01-26T09:27:18","date_gmt":"2015-01-26T09:27:18","guid":{"rendered":"http:\/\/kurthess.estrelinha.com\/?page_id=29"},"modified":"2018-04-03T09:06:04","modified_gmt":"2018-04-03T08:06:04","slug":"sponsoren","status":"publish","type":"page","link":"https:\/\/www.kurthess.ch\/?page_id=29","title":{"rendered":"Sponsoren"},"content":{"rendered":"<div id=\"pl-29\"  class=\"panel-layout\" ><div id=\"pg-29-0\"  class=\"panel-grid panel-no-style\" ><div id=\"pgc-29-0-0\"  class=\"panel-grid-cell\" ><div class=\"nda_rm_shadow panel-cell-style panel-cell-style-for-29-0-0\" ><div id=\"panel-29-0-0-0\" class=\"so-panel widget widget_black-studio-tinymce widget_black_studio_tinymce panel-first-child panel-last-child\" data-index=\"0\" ><div class=\"textwidget\"><h6><a href=\"http:\/\/www.strath.ch\" target=\"_blank\" rel=\"noopener\"><span style=\"color: #ff0000;\"><strong>STRATH<\/strong><\/span><\/a><\/h6>\n<p>&nbsp;<\/p>\n<p>Die Aufbaupr\u00e4parate von Bio-Strath sind nat\u00fcrliche St\u00e4rkungsmittel und bew\u00e4hrte Schweizer Qualit\u00e4tsprodukte, welche seit 1961 im Handel sind. Deren Erfolg in \u00fcber 50 L\u00e4ndern der Welt ist das Resultat pr\u00e4ziser und wissenschaftlich fundierter Arbeit. Strath sorgt f\u00fcr mehr Ausdauer, Vitalit\u00e4t und Leistung. Strath dient zur St\u00e4rkung der Abwehrkraft im Training und f\u00fcr den Wettkampf. Zur Verk\u00fcrzung der Erholungsphase nach erbrachter Leistung. Strath Aufbaupr\u00e4parate enthalten keinerlei Dopingsubstanzen.<\/p>\n<p><a href=\"http:\/\/www.kurthess.ch\/?page_id=1388\" target=\"_blank\" rel=\"noopener\">Fotoshooting<\/a><\/p>\n<p>&nbsp;<\/p>\n<\/div><\/div><\/div><\/div><div id=\"pgc-29-0-1\"  class=\"panel-grid-cell\" ><div class=\"nda_rm_shadow panel-cell-style panel-cell-style-for-29-0-1\" ><div id=\"panel-29-0-1-0\" class=\"so-panel widget widget_sow-image panel-first-child panel-last-child\" data-index=\"1\" ><div\n\t\t\t\n\t\t\tclass=\"so-widget-sow-image so-widget-sow-image-default-8b5b6f678277-29\"\n\t\t\t\n\t\t>\n\n<div class=\"sow-image-container\">\n\t\t\t<a href=\"http:\/\/www.strath.ch\/\"\n\t\t\ttarget=\"_blank\" rel=\"noopener noreferrer\" \t\t>\n\t\t\t<img loading=\"lazy\" decoding=\"async\" src=\"https:\/\/www.kurthess.ch\/wp-content\/uploads\/2015\/01\/BioStrathclaim-gross.jpg\" width=\"3174\" height=\"1341\" srcset=\"https:\/\/www.kurthess.ch\/wp-content\/uploads\/2015\/01\/BioStrathclaim-gross.jpg 3174w, https:\/\/www.kurthess.ch\/wp-content\/uploads\/2015\/01\/BioStrathclaim-gross-300x127.jpg 300w, https:\/\/www.kurthess.ch\/wp-content\/uploads\/2015\/01\/BioStrathclaim-gross-768x324.jpg 768w, https:\/\/www.kurthess.ch\/wp-content\/uploads\/2015\/01\/BioStrathclaim-gross-1024x433.jpg 1024w\" sizes=\"auto, (max-width: 3174px) 100vw, 3174px\" title=\"BioStrath+claim-gross\" alt=\"\" \t\tclass=\"so-widget-image\"\/>\n\t<\/a><\/div>\n\n<\/div><\/div><\/div><\/div><\/div><\/div>","protected":false},"excerpt":{"rendered":"<p>STRATH&nbsp;Die Aufbaupr\u00e4parate von Bio-Strath sind nat\u00fcrliche St\u00e4rkungsmittel und bew\u00e4hrte Schweizer Qualit\u00e4tsprodukte, welche seit 1961 im Handel sind. Deren Erfolg in \u00fcber 50 L\u00e4ndern der Welt ist das Resultat pr\u00e4ziser und wissenschaftlich fundierter Arbeit. Strath sorgt f\u00fcr mehr Ausdauer, Vitalit\u00e4t und&hellip; <\/p>\n","protected":false},"author":1,"featured_media":0,"parent":0,"menu_order":0,"comment_status":"closed","ping_status":"closed","template":"","meta":{"ngg_post_thumbnail":0,"footnotes":""},"class_list":["post-29","page","type-page","status-publish","hentry"],"_links":{"self":[{"href":"https:\/\/www.kurthess.ch\/index.php?rest_route=\/wp\/v2\/pages\/29","targetHints":{"allow":["GET"]}}],"collection":[{"href":"https:\/\/www.kurthess.ch\/index.php?rest_route=\/wp\/v2\/pages"}],"about":[{"href":"https:\/\/www.kurthess.ch\/index.php?rest_route=\/wp\/v2\/types\/page"}],"author":[{"embeddable":true,"href":"https:\/\/www.kurthess.ch\/index.php?rest_route=\/wp\/v2\/users\/1"}],"replies":[{"embeddable":true,"href":"https:\/\/www.kurthess.ch\/index.php?rest_route=%2Fwp%2Fv2%2Fcomments&post=29"}],"version-history":[{"count":46,"href":"https:\/\/www.kurthess.ch\/index.php?rest_route=\/wp\/v2\/pages\/29\/revisions"}],"predecessor-version":[{"id":1506,"href":"https:\/\/www.kurthess.ch\/index.php?rest_route=\/wp\/v2\/pages\/29\/revisions\/1506"}],"wp:attachment":[{"href":"https:\/\/www.kurthess.ch\/index.php?rest_route=%2Fwp%2Fv2%2Fmedia&parent=29"}],"curies":[{"name":"wp","href":"https:\/\/api.w.org\/{rel}","templated":true}]}}