{"id":156,"date":"2015-01-28T21:17:03","date_gmt":"2015-01-28T20:17:03","guid":{"rendered":"http:\/\/kurthess.estrelinha.com\/?page_id=156"},"modified":"2018-02-05T21:12:21","modified_gmt":"2018-02-05T20:12:21","slug":"sportliche-laufbahn","status":"publish","type":"page","link":"https:\/\/www.kurthess.ch\/?page_id=156","title":{"rendered":"Sportliche Laufbahn"},"content":{"rendered":"<div id=\"pl-156\"  class=\"panel-layout\" ><div id=\"pg-156-0\"  class=\"panel-grid panel-no-style\" ><div id=\"pgc-156-0-0\"  class=\"panel-grid-cell\" ><div class=\"nda_rm_shadow panel-cell-style panel-cell-style-for-156-0-0\" ><div id=\"panel-156-0-0-0\" class=\"so-panel widget widget_black-studio-tinymce widget_black_studio_tinymce panel-first-child\" data-index=\"0\" ><div class=\"textwidget\"><h6><span style=\"color: #339966;\"><strong>ERFOLGE\u00a0 \/\u00a0 SIEGE\u00a0 \/\u00a0 BESTLEISTUNGEN\u00a0 \/\u00a0 REKORDE<\/strong><\/span><\/h6>\n<\/div><\/div><div id=\"panel-156-0-0-1\" class=\"so-panel widget widget_black-studio-tinymce widget_black_studio_tinymce panel-last-child\" data-index=\"1\" ><div class=\"textwidget\"><p><span style=\"text-decoration: underline;\"><strong>Diverse Erfolge:<\/strong><\/span><\/p>\n<p>1968 - 1975 diverse Erfolge als Radrennfahrer<\/p>\n<p>1973 - 1975 3 Jahre Elite Amateur Radrennfahrer<\/p>\n<p>Seit 1978 Bergl\u00e4ufe, Waffenl\u00e4ufe, Marathon usw...<\/p>\n<p>&nbsp;<\/p>\n<p><span style=\"text-decoration: underline;\"><strong>Diverse Siege:<\/strong><\/span><\/p>\n<ul>\n<li>Z\u00fcrich Sri Chinmoy 7 Meilen H\u00f6nggerberglauf<\/li>\n<li>Einige Siege an Bergl\u00e4ufen: u.a. CH - Meisterschaftlauf Bitsch-Oberried (Streckenrekord)<\/li>\n<li>Europacup Berglauf Grenoble (Streckenrekord)<\/li>\n<li>30km Europacup - Berglauf Vogesen<\/li>\n<\/ul>\n<p>&nbsp;<\/p>\n<p>Diverse Top 3 Klassierungen an Internationalen und Nationalen<br \/>Bergl\u00e4ufen, Waffenl\u00e4ufe und Marathon<br \/>usw.....<\/p>\n<p>&nbsp;<\/p>\n<p><span style=\"text-decoration: underline;\"><strong>Pers\u00f6nliche Bestleistungen:<\/strong><\/span><\/p>\n<table style=\"width: 250px;\">\n<tbody>\n<tr>\n<td>\n<p>1000m<\/p>\n<p>5000m<\/p>\n<p>10'000m<\/p>\n<p>1\/2 Marathon<\/p>\n<p>Marathon<\/p>\n<\/td>\n<td>\n<p>2 min 43 sec&nbsp;<\/p>\n<p>15 min 15 sec<\/p>\n<p>31 min 32 sec<\/p>\n<p>1 h 12 min 53 sec<\/p>\n<p>2 h 34 min 13 sec<\/p>\n<\/td>\n<\/tr>\n<\/tbody>\n<\/table>\n<p>&nbsp;<\/p>\n<p><span style=\"text-decoration: underline;\"><strong>Weltrekorde:<\/strong><\/span><\/p>\n<p>2004 \u2192 <a title=\"Weltrekord 2004\" href=\"http:\/\/www.kurthess.ch\/?page_id=13\">H\u00f6hendifferenz Weltrekord Esterliturm<\/a>&nbsp;<br \/>2007 \u2192 <a title=\"Weltrekord 2007\" href=\"http:\/\/www.kurthess.ch\/?page_id=15\">H\u00f6hendifferenz Weltrekord Esterliturm<\/a><br \/><a title=\"Radebeul 2005\" href=\"http:\/\/www.kurthess.ch\/?page_id=17\">2005<\/a>, <a title=\"Radebeul 2006\" href=\"http:\/\/www.kurthess.ch\/?page_id=19\">2006<\/a>, <a title=\"Radebeul 2007\" href=\"http:\/\/www.kurthess.ch\/?page_id=21\">2007<\/a> \u2192 Sieger Mount Everest 24 Stunden Treppenlauf in Radebeul (D)<br \/>jeweils mit Streckenrekord<\/p>\n<p>&nbsp;<\/p>\n<p><span style=\"text-decoration: underline;\"><strong>Sonstige Treppenl\u00e4ufe:<\/strong><\/span><\/p>\n<p>1995&nbsp; \u21d2 1000er St\u00e4geli Lauf Aarburg 1145 Stufen<\/p>\n<p>1998&nbsp; \u21d2 1000er St\u00e4geli Lauf Aarburg 1145 Stufen<\/p>\n<p>2005&nbsp; \u21d2 Towerrunning Basel Muba 542 Stufen<\/p>\n<p>2005&nbsp; \u21d2 <a title=\"Taipeh 2006\" href=\"http:\/\/www.kurthess.ch\/?page_id=23\">Towerrunning in Taipeh auf den Taipei 101<\/a><\/p>\n<p>2006&nbsp; \u21d2 Towerrunning in Basel Muba 524 Stufen<\/p>\n<p>2008&nbsp; \u21d2 <a title=\"New York 2008\" href=\"http:\/\/www.kurthess.ch\/?page_id=25\">Empire State Building Treppenlauf in New York<\/a><\/p>\n<p>&nbsp;<\/p>\n<p>&nbsp;<\/p>\n<\/div><\/div><\/div><\/div><div id=\"pgc-156-0-1\"  class=\"panel-grid-cell\" ><div class=\"nda_rm_shadow panel-cell-style panel-cell-style-for-156-0-1\" ><div id=\"panel-156-0-1-0\" class=\"so-panel widget widget_text panel-first-child\" data-index=\"2\" >\t\t\t<div class=\"textwidget\"><\/div>\n\t\t<\/div><div id=\"panel-156-0-1-1\" class=\"so-panel widget widget_sow-image panel-last-child\" data-index=\"3\" ><div\n\t\t\t\n\t\t\tclass=\"so-widget-sow-image so-widget-sow-image-default-8b5b6f678277-156\"\n\t\t\t\n\t\t>\n\n<div class=\"sow-image-container\">\n\t\t<img loading=\"lazy\" decoding=\"async\" src=\"https:\/\/www.kurthess.ch\/wp-content\/uploads\/2015\/01\/Treppenmarathon_Radebeul_0098.jpg\" width=\"2560\" height=\"1920\" srcset=\"https:\/\/www.kurthess.ch\/wp-content\/uploads\/2015\/01\/Treppenmarathon_Radebeul_0098.jpg 2560w, https:\/\/www.kurthess.ch\/wp-content\/uploads\/2015\/01\/Treppenmarathon_Radebeul_0098-300x225.jpg 300w, https:\/\/www.kurthess.ch\/wp-content\/uploads\/2015\/01\/Treppenmarathon_Radebeul_0098-1024x768.jpg 1024w\" sizes=\"auto, (max-width: 2560px) 100vw, 2560px\" title=\"DCF 1.0\" alt=\"\" \t\tclass=\"so-widget-image\"\/>\n\t<\/div>\n\n<\/div><\/div><\/div><\/div><\/div><\/div>","protected":false},"excerpt":{"rendered":"<p>ERFOLGE\u00a0 \/\u00a0 SIEGE\u00a0 \/\u00a0 BESTLEISTUNGEN\u00a0 \/\u00a0 REKORDE Diverse Erfolge:1968 &#8211; 1975 diverse Erfolge als Radrennfahrer1973 &#8211; 1975 3 Jahre Elite Amateur RadrennfahrerSeit 1978 Bergl\u00e4ufe, Waffenl\u00e4ufe, Marathon usw&#8230;&nbsp;Diverse Siege:Z\u00fcrich Sri Chinmoy 7 Meilen H\u00f6nggerberglaufEinige Siege an Bergl\u00e4ufen: u.a. CH &#8211; Meisterschaftlauf&hellip; <\/p>\n","protected":false},"author":1,"featured_media":0,"parent":0,"menu_order":0,"comment_status":"closed","ping_status":"closed","template":"","meta":{"ngg_post_thumbnail":0,"footnotes":""},"class_list":["post-156","page","type-page","status-publish","hentry"],"_links":{"self":[{"href":"https:\/\/www.kurthess.ch\/index.php?rest_route=\/wp\/v2\/pages\/156","targetHints":{"allow":["GET"]}}],"collection":[{"href":"https:\/\/www.kurthess.ch\/index.php?rest_route=\/wp\/v2\/pages"}],"about":[{"href":"https:\/\/www.kurthess.ch\/index.php?rest_route=\/wp\/v2\/types\/page"}],"author":[{"embeddable":true,"href":"https:\/\/www.kurthess.ch\/index.php?rest_route=\/wp\/v2\/users\/1"}],"replies":[{"embeddable":true,"href":"https:\/\/www.kurthess.ch\/index.php?rest_route=%2Fwp%2Fv2%2Fcomments&post=156"}],"version-history":[{"count":24,"href":"https:\/\/www.kurthess.ch\/index.php?rest_route=\/wp\/v2\/pages\/156\/revisions"}],"predecessor-version":[{"id":1501,"href":"https:\/\/www.kurthess.ch\/index.php?rest_route=\/wp\/v2\/pages\/156\/revisions\/1501"}],"wp:attachment":[{"href":"https:\/\/www.kurthess.ch\/index.php?rest_route=%2Fwp%2Fv2%2Fmedia&parent=156"}],"curies":[{"name":"wp","href":"https:\/\/api.w.org\/{rel}","templated":true}]}}