{"id":25,"date":"2015-01-26T09:26:39","date_gmt":"2015-01-26T09:26:39","guid":{"rendered":"http:\/\/kurthess.estrelinha.com\/?page_id=25"},"modified":"2015-02-10T20:28:03","modified_gmt":"2015-02-10T19:28:03","slug":"new-york-2008","status":"publish","type":"page","link":"http:\/\/www.kurthess.ch\/?page_id=25","title":{"rendered":"New York 2008"},"content":{"rendered":"<div id=\"pl-25\"  class=\"panel-layout\" ><div id=\"pg-25-0\"  class=\"panel-grid panel-no-style\" ><div id=\"pgc-25-0-0\"  class=\"panel-grid-cell\" ><div class=\"nda_rm_shadow panel-cell-style panel-cell-style-for-25-0-0\" ><div id=\"panel-25-0-0-0\" class=\"so-panel widget widget_black-studio-tinymce widget_black_studio_tinymce panel-first-child panel-last-child\" data-index=\"0\" ><div class=\"textwidget\"><h6 style=\"text-align: center;\"><strong>EMPIRE STATE BUILDING<\/strong><\/h6>\n<h6 style=\"text-align: center;\"><strong>TREPPENLAUF 5. FEBRUAR 2008<\/strong><\/h6>\n<h6 style=\"text-align: center;\">\u00a0<br \/><span style=\"color: #ff0000;\"><strong><span style=\"color: #ff0000;\"><a style=\"color: #ff0000;\" title=\"Fotos New York 2008\" href=\"http:\/\/www.kurthess.ch\/?page_id=856\" target=\"_blank\">FOTOS<\/a><\/span><\/strong><\/span><\/h6>\n<p>\u00a0<\/p>\n<h6 style=\"text-align: center;\"><span style=\"color: #008000;\"><strong>REISEBERICHT<\/strong><\/span><\/h6>\n<p style=\"text-align: center;\">Aber einmal beim bekanntesten und \u00e4ltesten Treppenlauf dabei zu sein, ist schon etwas ganz Spezielles.<br \/> Beim Anblick der Startliste wurde mir dann fast schwindlig!!<br \/> Die ganze Treppenlauf-Weltelite hatte sich in New York versammelt.<br \/> Dieser Wettkampf war dann wirklich etwas ganz Besonderes.<br \/> Nur schon der Start hatte es in sich.<br \/> Die ganze Meute musste sich nach einer Einlaufstrecke von gerade mal 20 Metern in das sehr enge Treppenhaus zwingen.<br \/> Und so kam es nat\u00fcrlich zu einem richtigen Gerangel um die besten Positionen.<br \/> Aber nach wenigen Stufen hatte sich die Situation auch wieder beruhigt.<br \/> Wegen meinen vielen Ausdauertrainings in den letzten Jahren bekam mir der schnelle Start nicht so gut. Schon ca. beim 50. Stockwerk war klar dass ich nicht in den gew\u00fcnschten 14 Minuten oben sein w\u00fcrde und so erreichte ich das Ziel nach etwas mehr als 15 Minuten.<br \/> F\u00fcr mich bricht deshalb keine Welt zusammen, den f\u00fcr einmal war ja mitmachen wichtiger als das Ergebnis.<br \/> Diese Veranstaltung ist wirklich etwas ganz Spezielles.<br \/> Angefangen beim Teilnehmerfeld, dann das ganze Drum und Dran schon vor dem Start und die sensationelle Aussicht im Ziel usw.<br \/> Nun konnte ich mich die n\u00e4chsten Tage zusammen mit Renata auf die Entdeckung dieser einmaligen Stadt machen.<br \/> Auch f\u00fcr einige Trainingsl\u00e4ufe durch Manhattan und im Central-Park blieb dann sogar noch Zeit.<br \/> Rennen durch diese H\u00e4userschluchten, einfach wahnsinnig. Nur immer in diesem Gewimmel trainieren, das w\u00e4re wohl nichts f\u00fcr mich.<br \/> Und so machten wir uns mit vielen unvergesslichen Erinnerungen wieder auf den Heimweg.<\/p>\n<\/div><\/div><\/div><\/div><\/div><\/div>","protected":false},"excerpt":{"rendered":"<p>EMPIRE STATE BUILDINGTREPPENLAUF 5. FEBRUAR 2008\u00a0FOTOS\u00a0REISEBERICHTAber einmal beim bekanntesten und \u00e4ltesten Treppenlauf dabei zu sein, ist schon etwas ganz Spezielles. Beim Anblick der Startliste wurde mir dann fast schwindlig!! Die ganze Treppenlauf-Weltelite hatte sich in New York versammelt. Dieser Wettkampf&hellip; <\/p>\n","protected":false},"author":1,"featured_media":0,"parent":11,"menu_order":0,"comment_status":"closed","ping_status":"open","template":"","meta":{"ngg_post_thumbnail":0,"footnotes":""},"class_list":["post-25","page","type-page","status-publish","hentry"],"_links":{"self":[{"href":"http:\/\/www.kurthess.ch\/index.php?rest_route=\/wp\/v2\/pages\/25","targetHints":{"allow":["GET"]}}],"collection":[{"href":"http:\/\/www.kurthess.ch\/index.php?rest_route=\/wp\/v2\/pages"}],"about":[{"href":"http:\/\/www.kurthess.ch\/index.php?rest_route=\/wp\/v2\/types\/page"}],"author":[{"embeddable":true,"href":"http:\/\/www.kurthess.ch\/index.php?rest_route=\/wp\/v2\/users\/1"}],"replies":[{"embeddable":true,"href":"http:\/\/www.kurthess.ch\/index.php?rest_route=%2Fwp%2Fv2%2Fcomments&post=25"}],"version-history":[{"count":10,"href":"http:\/\/www.kurthess.ch\/index.php?rest_route=\/wp\/v2\/pages\/25\/revisions"}],"predecessor-version":[{"id":916,"href":"http:\/\/www.kurthess.ch\/index.php?rest_route=\/wp\/v2\/pages\/25\/revisions\/916"}],"up":[{"embeddable":true,"href":"http:\/\/www.kurthess.ch\/index.php?rest_route=\/wp\/v2\/pages\/11"}],"wp:attachment":[{"href":"http:\/\/www.kurthess.ch\/index.php?rest_route=%2Fwp%2Fv2%2Fmedia&parent=25"}],"curies":[{"name":"wp","href":"https:\/\/api.w.org\/{rel}","templated":true}]}}